nd 18.
2
Calculate the greatest common divisor of 380 and 266.
38
What is the highest common factor of 1284 and 6?
6
Calculate the greatest common factor of 40 and 320.
40
Calculate the highest common factor of 2960 and 30.
10
Calculate the greatest common divisor of 20 and 1505.
5
What is the highest common divisor of 4 and 332?
4
Calculate the greatest common divisor of 29470 and 70.
70
Calculate the highest common factor of 104 and 32.
8
Calculate the highest common divisor of 975 and 32825.
325
What is the highest common factor of 17 and 2159?
17
Calculate the greatest common divisor of 460 and 5.
5
What is the greatest common factor of 1209 and 780?
39
Calculate the highest common factor of 1720 and 160.
40
What is the greatest common divisor of 574 and 3034?
82
Calculate the highest common divisor of 594 and 22.
22
Calculate the highest common divisor of 96 and 512.
32
What is the greatest common factor of 1092 and 78?
78
What is the highest common divisor of 16885 and 55?
55
What is the greatest common factor of 26 and 208?
26
What is the greatest common factor of 595 and 476?
119
Calculate the highest common factor of 44 and 13057.
11
Calculate the greatest common divisor of 80 and 50.
10
What is the highest common divisor of 306 and 34?
34
What is the highest common factor of 392 and 168?
56
Calculate the greatest common factor of 72 and 576.
72
Calculate the greatest common factor of 301 and 350.
7
What is the greatest common divisor of 553 and 5609?
79
Calculate the highest common factor of 72 and 162.
18
Calculate the highest common factor of 34992 and 72.
72
Calculate the greatest common divisor of 5121 and 9.
9
What is the highest common divisor of 7405 and 5?
5
What is the highest common divisor of 190 and 11210?
190
What is the highest common divisor of 1400 and 50?
50
What is the highest common divisor of 216 and 96?
24
What is the greatest common factor of 9730 and 35?
35
What is the highest common divisor of 1 and 1?
1
Calculate the greatest common factor of 132 and 48.
12
What is the greatest common factor of 1212 and 816?
12
Calculate the highest common factor of 30446 and 52.
26
What is the greatest common factor of 10 and 10330?
10
What is the highest common divisor of 23 and 16307?
23
What is the highest common divisor of 12 and 324?
12
What is the greatest common factor of 10791 and 99?
99
Calculate the greatest common factor of 1944 and 8.
8
Calculate the highest common factor of 3 and 59.
1
What is the greatest common factor of 840 and 90?
30
Calculate the highest common divisor of 335 and 268.
67
Calculate the highest common factor of 100 and 10.
10
What is the highest common factor of 7 and 3?
1
Calculate the greatest common divisor of 57 and 2147.
19
Calculate the greatest common divisor of 21 and 24.
3
What is the highest common factor of 210 and 4970?
70
Calculate the highest common divisor of 141 and 3.
3
What is the greatest common divisor of 784 and 16?
16
Calculate the greatest common divisor of 120 and 444.
12
Calculate the greatest common factor of 8 and 2744.
8
Calculate the highest common factor of 2414 and 34.
34
What is the highest common factor of 201 and 1139?
67
What is the greatest common factor of 8 and 436?
4
What is the greatest common factor of 50796 and 83?
83
What is the greatest common divisor of 30 and 1110?
30
Calculate the greatest common divisor of 760 and 38.
38
What is the highest common factor of 59 and 177?
59
Calculate the highest common factor of 96 and 256.
32
What is the highest common factor of 147 and 14847?
147
What is the highest common divisor of 37 and 75776?
37
What is the highest common factor of 18 and 9054?
18
Calculate the highest common divisor of 68 and 1666.
34
Calculate the greatest common factor of 7368 and 72.
24
Calculate the highest common divisor of 10 and 205.
5
What is the highest common factor of 75 and 3075?
75
Calculate the highest common divisor of 1298 and 118.
118
Calculate the highest common factor of 66 and 44.
22
What is the highest common factor of 989 and 23?
23
Calculate the greatest common divisor of 12 and 192.
12
Calculate the greatest common factor of 738 and 6150.
246
What is the highest common factor of 915 and 15?
15
What is the highest common factor of 552 and 6808?
184
Calculate the highest common divisor of 87170 and 10.
10
Calculate the greatest common factor of 656 and 48.
16
Calculate the highest common divisor of 2280 and 19.
19
Calculate the highest common divisor of 20827 and 353.
353
Calculate the highest common factor of 3 and 21.
3
Calculate the greatest common divisor of 604 and 4.
4
What is the highest common factor of 1655 and 45?
5
Calculate the highest common factor of 120 and 1230.
30
Calculate the highest common factor of 310 and 40.
10
What is the highest common divisor of 68 and 5457?
17
What is the highest common divisor of 68 and 1666?
34
What is the greatest common factor of 60 and 4490?
10
Calculate the greatest common factor of 348 and 228.
12
What is the greatest common divisor of 125 and 15?
5
Calculate the greatest common factor of 9 and 297.
9
What is the highest common divisor of 378 and 210?
42
What is the greatest common factor of 781 and 363?
11
Calculate the greatest common factor of 84406 and 14.
14
What is the greatest common divisor of 91 and 49?
7
What is the greatest common factor of 90 and 1020?
30
What is the highest common factor of 109 and 4033?
109
Calculate the greatest common factor of 123 and 82.
41
What is the greatest common divisor of 46 and 69?
23
Calculate the highest common factor of 29971 and 34.
17
What is the highest common factor of 12 and 474?
6
Calculate the highest common factor of 1166 and 1590.
106
What is the greatest common factor of 3564 and 33?
33
Calculate the highest common factor of 40 and 500.
20
What is the highest common divisor of 24 and 52488?
24
Calculate the highest common factor of 16 and 13.
1
What is the highest common factor of 362 and 2?
2
What is the highest common divisor of 11 and 19?
1
What is the greatest common divisor of 776 and 24?
8
What is the greatest common factor of 189 and 5103?
189
Calculate the greatest common divisor of 6457 and 66.
11
Calculate the highest common factor of 50 and 775.
25
What is the greatest common divisor of 178 and 801?
89
What is the greatest common factor of 185 and 10?
5
Calculate the greatest common factor of 4593 and 3.
3
What is the highest common divisor of 50 and 140?
10
Calculate the highest common factor of 12 and 2010.
6
Calculate the greatest common divisor of 5 and 95.
5
Calculate the greatest common factor of 128 and 8.
8
What is the greatest common factor of 1631 and 21?
7
What is the highest common factor of 9 and 576?
9
Calculate the greatest common factor of 406 and 70.
14
Calculate the greatest common factor of 50 and 230.
10
Calculate the highest common divisor of 171 and 38.
19
Calculate the greatest common factor of 1360 and 255.
85
What is the highest common factor of 42 and 336?
42
Calculate the greatest common divisor of 520 and 40.
40
Calculate the highest common divisor of 26 and 2015.
13
Calculate the greatest common factor of 13045 and 5.
5
Calculate the highest common divisor of 117 and 1144.
13
Calculate the greatest common factor of 9 and 909.
9
Calculate the highest common factor of 9010 and 159.
53
Calculate the highest common factor of 4929 and 279.
93
What is the highest common factor of 74 and 4?
2
Calculate the greatest common divisor of 1333 and 387.
43
Calculate the highest common factor of 924 and 7128.
132
Calculate the greatest common factor of 135 and 9855.
135
What is the greatest common factor of 55643 and 7?
7
Calculate the highest common factor of 2152 and 8.
8
Calculate the greatest common divisor of 468 and 195.
39
What is the highest common divisor of 2 and 25?
1
What is the highest common factor of 168 and 378?
42
Calculate the greatest common factor of 62 and 248.
62
What is the highest common divisor of 1260 and 35?
35
What is the greatest common factor of 551 and 57?
19
What is the greatest common divisor of 36 and 4?
4
What is the highest common divisor of 2220 and 10?
10
Calculate the greatest common divisor of 16313 and 11.
11
Calculate the greatest common divi